. What are the prime factors of k?
7, 3877
Let v(s) = -87*s**2 - 11*s - 18. Let d be v(-2). Let m = d - -1221. List the prime factors of m.
877
Let x be (5/(-20))/(1/(-148)). Let k = 47 - x. Suppose -o - 459 = -k*o. List the prime factors of o.
3, 17
Let w = 28 - 21. Let m(x) = 9*x**2 - 19*x - 30. Let h(q) = 3*q**2 - 6*q - 10. Let f(a) = w*h(a) - 2*m(a). What are the prime factors of f(5)?
3, 5
Let z(q) = 131*q + 3. Let v be z(7). Let f = 1641 - v. What are the prime factors of f?
7, 103
Let y be (3 - 6)/(-3) - -1. Suppose -s - y*s + 12 = 0. Suppose 3*i + 2*d - d - 120 = 0, s*d = 5*i - 217. List the prime factors of i.
41
Suppose 20*i = 17*i + 3, i + 99 = -4*h. List the prime factors of 3034*(3 - h/(-10)).
37, 41
Suppose -4*j + 5*h + 437 = -j, -141 = -j - 3*h. Let k = j + 133. List the prime factors of k.
277
Suppose -u - 1 = -4. Suppose 0 = 4*c - 4*k + 252, u*k = -7*c + 5*c - 126. Let o = c + 124. List the prime factors of o.
61
Let y = 6675 + -2087. List the prime factors of y.
2, 31, 37
Let g(c) = 9*c**2 - 43*c + 119. Let p(j) = 4*j**2 - 20*j + 60. Let h(s) = -3*g(s) + 7*p(s). What are the prime factors of h(5)?
3, 11
What are the prime factors of 1568/168*1074/4?
2, 7, 179
Suppose 52*v = 47*v + 38365. Suppose -12*a = -1507 - v. What are the prime factors of a?
3, 5, 17
Suppose 13 = 6*q + 1. Suppose -3*b - r = -110, 7*b = q*b + 2*r + 165. Suppose 0 = 40*w - b*w - 240. What are the prime factors of w?
2, 3
Suppose 8*d = 11*d - 5*f - 5300, -6*d = 2*f - 10552. What are the prime factors of d?
2, 5, 11
Suppose 1064519 = 13*l + 60*l - 661639. What are the prime factors of l?
2, 3, 7, 563
Let c(b) = 5*b**2 + 22*b + 40. Let z be c(-9). Suppose 0 = f + 5*w + 12 - 55, -4*f + 5*w + z = 0. What are the prime factors of f?
2, 29
Let a(c) = 2*c - 35. Let g be a(16). Let y be g/(((-72)/(-256))/((-6)/(-8))). What are the prime factors of (2 + 16/(-20))/(y/(-580))?
3, 29
Suppose 0 = 3*w - 2*k - 9, -w - 6*k + 11*k + 3 = 0. Suppose -w*z + 1005 = -0. What are the prime factors of z?
5, 67
Let b(j) = j**2 + 2*j + 2. Let p(u) = -u**3 + 16*u**2 - 43*u + 23. Let y(w) = -4*b(w) - p(w). What are the prime factors of y(20)?
3, 223
Let g(j) = -7*j + 54. Let w be 38/((9 - 4) + 1*-3). Let i be g(w). Let y = i + 329. List the prime factors of y.
2, 5
List the prime factors of (30523530/(-45))/(-23) + 2/3.
2, 73, 101
Let r(m) = m**3 - 6*m**2 + 6*m - 3. Let j be 4/4 + (-3 - 1)/(-1). Let q be r(j). What are the prime factors of q*(-151)/(-3)*3?
2, 151
Let t(i) = 78*i**2 - 11*i + 4. Let o(u) = -8*u + 50. Let n be o(6). What are the prime factors of t(n)?
2, 3, 7
Suppose 6*t - 16 = 2. Suppose t*v - 7599 = 1986. List the prime factors of (2/6)/(15/v).
71
Suppose -2*f - 38 = -16. Let t = f + 190. What are the prime factors of t?
179
Suppose -5*w = -40*o + 36*o - 253676, 4*w = o + 202954. What are the prime factors of w?
2, 5, 43, 59
Let q be (-4)/(-2)*(29 - 1)/2. Suppose q = 7*i - 0*i. List the prime factors of (1 + i/12)/(2/129).
2, 43
Suppose -2*h + 4*o = -5*h + 38, -2*h + 32 = -4*o. Suppose h*u + 12285 = 41*u. List the prime factors of u.
5, 7, 13
Suppose -d = 4*h - 213, 402 = 2*d + 4*h - 36. Suppose d = 10*s - 615. Suppose 36 = j - 0*j - 2*u, 4*j - s = -4*u. What are the prime factors of j?
2, 13
Let r = -234 - -261. Suppose -r*h + 451 + 3248 = 0. List the prime factors of h.
137
Let v(w) = -461 + 1766 + 4*w - 23*w + 715. List the prime factors of v(0).
2, 5, 101
Let a be (-72)/(-27)*6/4. Suppose 0 = 2*d + 24*d - 17004. What are the prime factors of d/8 + a/(-64)*-4?
2, 41
Let d(u) = 9*u**2 + 62*u - 3416. List the prime factors of d(42).
2, 7, 269
Suppose 2*h - 3*o = -119 + 423, -h + o + 152 = 0. Let z(y) = 7*y**2 + 4*y - 5. Let u be z(-4). Let g = h - u. What are the prime factors of g?
61
Let n be 7*(-2)/(-7) - -141. Suppose -i = 30 - n. List the prime factors of i.
113
Let k(c) = 13*c**2 - 15*c - 1. Let x = -271 + 276. List the prime factors of k(x).
3, 83
Let p = -1325 + 664. Let i = -67 - p. Let m = -388 + i. List the prime factors of m.
2, 103
Let k = -22612 + 38168. List the prime factors of k.
2, 3889
What are the prime factors of -7731*23/(-414)*(145 - (2 - 1))?
2, 3, 859
Let y = 15 - 7. Let q(h) be the first derivative of 12*h**2 - h - 236. What are the prime factors of q(y)?
191
What are the prime factors of (-277)/(11 - 8112/736)?
2, 23, 277
Let c(u) = -715*u + 397. What are the prime factors of c(-25)?
2, 571
Suppose 14*q - 15*q + 1672 = 0. Suppose -2*o = 4, -4*b + 6*o + q = 2*o. What are the prime factors of b?
2, 13
Let x = -50 + 51. Let m be -1 + 2 - (-349 + -1 + x). Suppose d - m = -6*d. List the prime factors of d.
2, 5
Let l = -10256 - -25063. What are the prime factors of l?
13, 17, 67
Let d = 76 + 87. Let q = d - 244. What are the prime factors of 6/(-5)*(-3 - q/(-3))?
2, 3
List the prime factors of ((-9 + 14)*(-14)/105)/((-2)/8427).
53
Suppose -13 = 4*j - 37. List the prime factors of j/16 - (-8)/(64/245).
31
Let c = 3302 - 1751. List the prime factors of c.
3, 11, 47
Let z(s) = -s**2 - 14*s + 24. Let k(a) = a**2 + 14*a - 25. Let v(l) = -3*k(l) - 2*z(l). Let m be v(-16). What are the prime factors of 189 + 10/(-25)*m?
191
Let o = -3174 + 5242. What are the prime factors of o?
2, 11, 47
Let o(t) = 113*t + 1. Let p be o(-1). Let w be (-512)/p - 3/(-7). Suppose -3*y - 2*y - 2*h + 260 = 0, 4*h + 260 = w*y. What are the prime factors of y?
2, 13
Let v(n) = -624*n**3 + 2*n**2 + 6*n - 8. What are the prime factors of v(-3)?
2, 5, 421
Let b(m) = 14*m + 378. Let g be b(-27). Suppose -4*n + 6287 = -g*n + s, 2*n - 4*s = 3130. What are the prime factors of n?
1571
Let m = 627 + -328. Let y = 506 - m. Let c = y + -142. What are the prime factors of c?
5, 13
Let r(i) = -23*i**2 - 2*i. Suppose -9*z - 48 = -z. Let f(q) = -12*q**2 - q. Let b(p) = z*r(p) + 11*f(p). What are the prime factors of b(5)?
5, 31
Let n be -2*((-30)/4)/3. Suppose 5*w + 95 = n*v, 3*w - 14 + 53 = 2*v. Let l = 9 + v. List the prime factors of l.
3
Let q(s) = 423*s**2 + 19*s + 56. Let y be q(-3). Suppose -y = -4*b - 2*u, -b - u - 2*u = -939. What are the prime factors of b?
2, 3, 53
List the prime factors of (62 - 64)*(-1)/6*19074.
2, 11, 17
List the prime factors of 4/(-46) - ((-503524)/92 + -12).
5, 1097
Suppose 5*i + 3*t + 10 = 0, -4*i - t = -9 + 17. What are the prime factors of ((-183040)/70)/(-4) + i/(-7)?
2, 3, 109
Let g be -5 + 107 - (-2 - -1). Let s = 61 - g. Let f = -30 - s. List the prime factors of f.
2, 3
What are the prime factors of (-11 - 58744/21)*(-5 - 1)/2?
5, 337
Let h = 5881 + -3810. Let p = -433 + h. List the prime factors of p.
2, 3, 7, 13
Let v = 803 - 381. Suppose k = v + 113. List the prime factors of k.
5, 107
Let y be 6/4*680/12. Let x = 40 + y. What are the prime factors of x?
5
Suppose -7*g + 11*g = 16. Suppose 0 = 5*m + g*n + n + 405, 4*n = -5*m - 400. Let t = m - -141. List the prime factors of t.
5, 13
Suppose -7*i + 35*i - 3080 = 0. Suppose -3*f + 352 = -i. List the prime factors of f.
2, 7, 11
Let c = -637 + 1044. Suppose 7*m - c - 405 = 0. List the prime factors of m.
2, 29
Let h be (-3 - -2)*3*-5. Let t = -907 - -1105. Suppose -17*d + t = -h*d. What are the prime factors of d?
3, 11
Let k(o) be the first derivative of 9*o + 1/3*o**3 + 10 - 11/2*o**2. List the prime factors of k(15).
3, 23
Let u(x) = -3*x**2 + 53*x + 75. Let i(d) = 3*d**2 - 53*d - 74. Let s(q) = -3*i(q) - 4*u(q). List the prime factors of s(26).
2, 11, 13
Let i = 1337 + 2823. Suppose f - i = y - 6*y, -4*f - 832 = -y. Suppose y = 2*t + 2*t. What are the prime factors of t?
2, 13
What are the prime factors of (25/150 + 11/(-12))/((-18)/126264)?
5261
Let p = 8283 - -1945. List the prime factors of p.
2, 2557
Let i = 42004 + 10824. List the prime factors of i.
2, 47, 281
List the prime factors of 586*1/(2/(-1))*(37 + -42).
5, 293
Let x(r) = -38*r - 58. Suppose 0 = 234*y - 240*y - 48. What are the prime factors of x(y)?
2, 3, 41
Suppose 2*a = -3*z - 116, 5*a + 24 - 4 = 0. What are the prime factors of 1434/(-9)*-3 - z/(-9)?
2, 3, 79
Suppose -11*j - 15*j = -5*j - 253638. What are the prime factors of j?
2, 3, 11, 61
Let o(s) = -s**3 - 10*s**2 + 18*s - 46. Let x be o(-10). Let n = x - -380. List the prime factors of n.
2, 7, 11
Suppose 2*f + 5*o = f + 39, 2*f = 4*o + 106. Suppose 3*k - 50 = f. Lis